{"id":22,"date":"2021-06-26T12:50:52","date_gmt":"2021-06-26T15:50:52","guid":{"rendered":"https:\/\/adhequar.com.br\/?page_id=22"},"modified":"2024-06-25T14:30:44","modified_gmt":"2024-06-25T17:30:44","slug":"sobre","status":"publish","type":"page","link":"https:\/\/adhequar.com.br\/?page_id=22","title":{"rendered":"Sobre"},"content":{"rendered":"\n<hr class=\"wp-block-separator has-css-opacity aligncenter\"\/>\n\n\n\n<p><\/p>\n\n\n\n<p class=\"has-black-color has-text-color\"><strong><mark style=\"background-color:rgba(0, 0, 0, 0)\" class=\"has-inline-color has-black-color\">As OPMEs\/DMIs, chegam ao mercado constantemente pelo lan\u00e7amento de novas tecnologias, ou ainda, aperfei\u00e7oamento das j\u00e1 existentes. Essas tecnologias t\u00eam como objetivo contribuir para o tratamento dos pacientes, mas segundo estudos nem sempre isso significa benef\u00edcio e entrega de valor para a popula\u00e7\u00e3o. A preocupa\u00e7\u00e3o dos gestores \u00e9 que estes produtos geralmente agregam mais custos, e com isso vem a diminuir a rentabilidade dos servi\u00e7os de sa\u00fade, podendo afetar a sustentabilidade e trazendo desafios\u00a0de enfrentamento para a gest\u00e3o da sa\u00fade no Brasil, incluindo servi\u00e7os privados e p\u00fablicos.<\/mark><\/strong><\/p>\n\n\n\n<p class=\"has-black-color has-text-color\"><strong><mark style=\"background-color:rgba(0, 0, 0, 0)\" class=\"has-inline-color has-black-color\">Com\u00a0estimativa financeira mais restrita, \u00e9\u00a0indispens\u00e1vel que a aloca\u00e7\u00e3o de recursos para a oferta do melhor tratamento a popula\u00e7\u00e3o seja estruturada para garantir a sustentabilidade dos servi\u00e7os de sa\u00fade.<\/mark><\/strong><\/p>\n\n\n\n<p class=\"has-black-color has-text-color\"><strong><mark style=\"background-color:rgba(0, 0, 0, 0)\" class=\"has-inline-color has-black-color\">As OPME\/DMI est\u00e3o dispon\u00edveis em grande n\u00famero no mercado e s\u00e3o utilizadas para diversos tratamentos de todas as especialidades m\u00e9dicas, para trazer qualidade de assist\u00eancia, prote\u00e7\u00e3o e seguran\u00e7a do paciente.<\/mark><\/strong><\/p>\n\n\n\n<p class=\"has-black-color has-text-color\"><strong><mark style=\"background-color:rgba(0, 0, 0, 0)\" class=\"has-inline-color has-black-color\">Informa\u00e7\u00f5es inadequadas para o uso destes materiais podem causar danos irrevers\u00edveis aos pacientes.<\/mark><\/strong><\/p>\n\n\n\n<p class=\"has-black-color has-text-color\"><strong><mark style=\"background-color:rgba(0, 0, 0, 0)\" class=\"has-inline-color has-black-color\">Sendo assim, para a autoriza\u00e7\u00e3o de um determinado produto pela operadora ou servi\u00e7os de sa\u00fade requer de profissionais com conhecimento diferenciado para o atendimento em tempo h\u00e1bil de uma demanda, sem trazer preju\u00edzos \u00e0 sa\u00fade do paciente.<\/mark><\/strong><\/p>\n\n\n\n<p class=\"has-black-color has-text-color\"><strong><mark style=\"background-color:rgba(0, 0, 0, 0)\" class=\"has-inline-color has-black-color\">A Adhequar oferece aos gestores e profissionais, uma vis\u00e3o ampla sobre os processos que envolvem OPME, por meio de an\u00e1lise t\u00e9cnica realizada por profissionais de sa\u00fade especializados. A equipe t\u00e9cnica \u00e9 composta por enfermeiros e m\u00e9dicos.<\/mark><\/strong><\/p>\n\n\n\n<p class=\"has-black-color has-text-color\"><strong><mark style=\"background-color:rgba(0, 0, 0, 0)\" class=\"has-inline-color has-black-color\">As an\u00e1lises contemplam pertin\u00eancia t\u00e9cnica, valores de mercado e poss\u00edveis substitutos, de acordo com a descri\u00e7\u00e3o t\u00e9cnica.<\/mark><\/strong><\/p>\n\n\n\n<p class=\"has-black-color has-text-color\"><strong><mark style=\"background-color:rgba(0, 0, 0, 0)\" class=\"has-inline-color has-black-color\">O embasamento t\u00e9cnico para a an\u00e1lise s\u00e3o estudos de medicina baseada em evid\u00eancias, normatiza\u00e7\u00f5es t\u00e9cnicas, CONITEC, ANVISA, Diretrizes das Sociedades de Especialidades M\u00e9dicas, dentre outras fontes cient\u00edficas. A Adhequar oferece servi\u00e7os que trazem resultados positivos para operadoras e servi\u00e7os de sa\u00fade sugerindo o emprego da OPME\/DMI compat\u00edvel com o procedimento, coer\u00eancia t\u00e9cnica e valor justo para a tecnologia a ser empregada.<\/mark><\/strong><\/p>\n\n\n\n<p><\/p>\n\n\n\n<p><\/p>\n\n\n\n<hr class=\"wp-block-separator has-css-opacity\"\/>\n\n\n\n<p><\/p>\n\n\n\n<p class=\"has-black-color has-text-color\"><strong><mark style=\"background-color:rgba(0, 0, 0, 0)\" class=\"has-inline-color has-black-color\">A Adhequar Solu\u00e7\u00f5es em Sa\u00fade \u00e9 um sonho idealizado por profissionais com reconhecimento no mercado no que diz respeito aos Dispositivos M\u00e9dicos Implant\u00e1veis (DMI\/OPME). <\/mark><\/strong><\/p>\n\n\n\n<p class=\"has-black-color has-text-color\"><strong><mark style=\"background-color:rgba(0, 0, 0, 0)\" class=\"has-inline-color has-black-color\">A \u00e1rea de atua\u00e7\u00e3o compreende an\u00e1lise especializada de OPME utilizadas nas diferentes especialidades m\u00e9dicas.<\/mark><\/strong><\/p>\n\n\n\n<p class=\"has-black-color has-text-color\"><strong><mark style=\"background-color:rgba(0, 0, 0, 0)\" class=\"has-inline-color has-black-color\">Oferecer aos nossos clientes solu\u00e7\u00f5es que possam atender suas necessidades e agregar valor para a resolu\u00e7\u00e3o dos processos que envolvem OPME, buscando a redu\u00e7\u00e3o de custos e contribuindo para a qualidade de vida e humaniza\u00e7\u00e3o no atendimento do paciente.<\/mark><\/strong><\/p>\n\n\n\n<p><\/p>\n\n\n\n<hr class=\"wp-block-separator has-css-opacity\"\/>\n\n\n\n<p><\/p>\n\n\n\n<p><\/p>\n\n\n\n<p class=\"has-text-align-left has-white-color has-text-color has-background has-medium-font-size\" style=\"background-color:#16631e\"><strong>Miss\u00e3o<\/strong><\/p>\n\n\n\n<p class=\"has-text-align-left has-black-color has-text-color\" style=\"font-size:18px\"><strong><mark style=\"background-color:rgba(0, 0, 0, 0)\" class=\"has-inline-color has-black-color\">Cooperar para o avan\u00e7o da efici\u00eancia nos processos de auditoria de OPME para os servi\u00e7os de sa\u00fade p\u00fablico e privados.<\/mark><\/strong><\/p>\n\n\n\n<p><br><br><\/p>\n\n\n\n<p class=\"has-text-align-left has-white-color has-text-color has-background has-medium-font-size\" style=\"background-color:#16631e\"><strong>Vis\u00e3o<\/strong><\/p>\n\n\n\n<p class=\"has-black-color has-text-color\" style=\"font-size:18px\"><strong><mark style=\"background-color:rgba(0, 0, 0, 0)\" class=\"has-inline-color has-black-color\">Ser reconhecida no mercado de sa\u00fade como empresa refer\u00eancia na assessoria de processos de OPME.<\/mark><\/strong><\/p>\n\n\n\n<p><br><br><\/p>\n\n\n\n<p class=\"has-text-align-left has-white-color has-text-color has-background has-medium-font-size\" style=\"background-color:#16631e\"><strong>Valores<\/strong><\/p>\n\n\n\n<p class=\"has-black-color has-text-color\" style=\"font-size:18px\"><strong><mark style=\"background-color:rgba(0, 0, 0, 0)\" class=\"has-inline-color has-black-color\">Atuar com \u00e9tica, responsabilidade, com respeito a individualidade de cada servi\u00e7o de sa\u00fade, associar todos os players envolvidos no processo de OPME para o melhor resultado para o cliente, promover discuss\u00f5es e conhecimento, contribuir para a melhorias nos neg\u00f3cios, desenvolver a\u00e7\u00f5es inovadoras para o mercado de sa\u00fade.<\/mark><\/strong><\/p>\n\n\n\n<hr class=\"wp-block-separator has-css-opacity\"\/>\n\n\n\n<p><\/p>\n","protected":false},"excerpt":{"rendered":"<p>As OPMEs\/DMIs, chegam ao mercado constantemente pelo lan\u00e7amento de novas tecnologias, ou ainda, aperfei\u00e7oamento das j\u00e1 existentes. Essas tecnologias t\u00eam como objetivo contribuir para o tratamento dos pacientes, mas segundo estudos nem sempre isso significa benef\u00edcio e entrega de valor para a popula\u00e7\u00e3o. A preocupa\u00e7\u00e3o dos gestores \u00e9 que estes produtos geralmente agregam mais custos,&hellip; <br \/> <a class=\"read-more\" href=\"https:\/\/adhequar.com.br\/?page_id=22\">Leia mais<\/a><\/p>\n","protected":false},"author":1,"featured_media":0,"parent":0,"menu_order":0,"comment_status":"closed","ping_status":"closed","template":"","meta":{"footnotes":""},"class_list":["post-22","page","type-page","status-publish","hentry"],"_links":{"self":[{"href":"https:\/\/adhequar.com.br\/index.php?rest_route=\/wp\/v2\/pages\/22","targetHints":{"allow":["GET"]}}],"collection":[{"href":"https:\/\/adhequar.com.br\/index.php?rest_route=\/wp\/v2\/pages"}],"about":[{"href":"https:\/\/adhequar.com.br\/index.php?rest_route=\/wp\/v2\/types\/page"}],"author":[{"embeddable":true,"href":"https:\/\/adhequar.com.br\/index.php?rest_route=\/wp\/v2\/users\/1"}],"replies":[{"embeddable":true,"href":"https:\/\/adhequar.com.br\/index.php?rest_route=%2Fwp%2Fv2%2Fcomments&post=22"}],"version-history":[{"count":18,"href":"https:\/\/adhequar.com.br\/index.php?rest_route=\/wp\/v2\/pages\/22\/revisions"}],"predecessor-version":[{"id":210,"href":"https:\/\/adhequar.com.br\/index.php?rest_route=\/wp\/v2\/pages\/22\/revisions\/210"}],"wp:attachment":[{"href":"https:\/\/adhequar.com.br\/index.php?rest_route=%2Fwp%2Fv2%2Fmedia&parent=22"}],"curies":[{"name":"wp","href":"https:\/\/api.w.org\/{rel}","templated":true}]}}